1*x + 25. What is the tens digit of v(t)?
7
Let c(t) be the first derivative of -17*t**4/24 + t**3/6 - 3*t**2 - 12. Let z(m) be the second derivative of c(m). What is the units digit of z(-5)?
6
Suppose -3*s - 5*t - 132 = 0, s + 54 = -7*t + 2*t. Let o = s + 115. Let y = o + 12. What is the units digit of y?
8
Let p(i) = -i**3 + 9*i**2 + 5*i + 7. Let u be p(9). Let z = 47 - u. Let r(j) = 3*j**2 + 3*j + 12. What is the units digit of r(z)?
2
Let h(p) = p**3 - 2*p**2 + 3*p + 1. Let a be h(2). Suppose -a*t - 7380 = -16*t. What is the tens digit of t?
2
Let v(x) = 184*x**2 - 70*x - 35. What is the ten thousands digit of v(-8)?
1
What is the hundreds digit of (-4*18/120)/(-3) + (-258252)/(-15)?
2
Suppose 0 = -3*d - 4*i + 77519, 2*d + 6*i - 2*i = 51678. What is the ten thousands digit of d?
2
Suppose 0 = 3*s - w - 2104, -13*s + w = -11*s - 1401. What is the units digit of s?
3
Suppose 110*z + 1484034 - 3983415 = 998949. What is the ten thousands digit of z?
3
What is the units digit of (-2641038)/(-228) + (2 - (-15)/(-6))?
3
Let r(m) = -396*m + 1771. What is the thousands digit of r(-21)?
0
Let u(n) = 2*n**2 - 5*n + 35. Let y = -76 - -148. Suppose s + 5*s - y = 0. What is the units digit of u(s)?
3
Let d = 22 + -1. Suppose 4*o + 5 = d. What is the hundreds digit of -1 + 0 - (-105 + o)?
1
Suppose 0 = z + t + 43, t = -0*t - 1. Let f = z - -42. Suppose i + f*i = 83. What is the tens digit of i?
8
Let b = 629 - 346. Let c = b - -417. What is the hundreds digit of c?
7
Let r = -49 + 123. Suppose 190 + r = 6*n. What is the units digit of n?
4
Let f be (0 - 5/(-20))/(1/12). Suppose 2*p - 4 = 5*j, 2*p + 5*j - f = 1. Suppose -l = p*q - 32, 49 = 4*l + 2*q - 79. What is the tens digit of l?
3
Suppose 4*i - 9*i = -4*f + 493, 4*f = -i - 113. Let a = i + 91. Let z = a - -65. What is the tens digit of z?
5
Let y be (-2)/(-5) + 8/5. Suppose -t = -3*i + 10, -7*i = -y*i - t - 20. Suppose -9 = -i*x + 6. What is the units digit of x?
3
Let i = -4 + 10. Let q(m) = m**3 + m**2 - 4*m - 7. What is the tens digit of q(i)?
2
What is the hundreds digit of (-99662)/(-18) + 242/1089?
5
Let d = 120118 - 50639. What is the thousands digit of d?
9
Let n = -13706 - -22563. What is the hundreds digit of n?
8
Let w(s) = 9. Let i(m) = -m - 10. Let c(n) = 4*i(n) + 3*w(n). Let u be c(-7). Suppose -5*p - x + u = 0, -3*p = 3*x - 0*x + 3. What is the units digit of p?
4
Suppose -264*g = -1231479 - 1228176 - 1740321. What is the hundreds digit of g?
9
Suppose -4 = 2*g + 2, 0 = 2*p - 5*g - 19. Suppose 0*h = p*h - 796. What is the tens digit of h?
9
Let v be (-1044)/5 + (-15)/75. Let p = -72 - v. What is the tens digit of p?
3
Let p be (-1)/((-2)/(-6)*(-42)/36218). Suppose -5*k + 3*m = -p, -4*k - 3*m = -8*k + 2072. What is the tens digit of k?
1
Let v = -40 - -35. Let g = -2 + -7. What is the hundreds digit of (v/((-20)/153))/(g/(-24))?
1
Suppose 9*s - 8 = 19. Suppose 2*o + 0*h + 2*h - 1582 = 0, -s*o = -h - 2377. What is the tens digit of o?
9
Let z = 41071 + -25374. What is the ten thousands digit of z?
1
Suppose -3*i + 3*q = -2028, -4*i + q + 2032 = -i. Suppose 2*o + 3*t = 411, 3*t + i - 54 = 3*o. What is the tens digit of o?
0
Let h(d) = -d + 19. Let r be h(10). Suppose 5*t + 2210 = 5*s, r*s - 3*t - 887 = 7*s. What is the units digit of s?
9
Let p(o) = 163*o + 1046. What is the units digit of p(67)?
7
Let m(t) = t**3 - 9*t**2 - 3*t + 6. Let r(x) be the third derivative of -x**4/12 - 3*x**3/2 - 12*x**2. Let o be r(-10). What is the tens digit of m(o)?
1
Let w(b) = 2*b**2 + b + 1. Let s(q) = 3*q**2 + 33*q - 180. Let g(a) = s(a) - w(a). What is the units digit of g(-40)?
9
Let g = -155 - -110. Let m be g/20 - -2 - 1/(-4). Suppose m = -11*a + 881 + 186. What is the units digit of a?
7
Suppose -25*x + 93578 - 18078 = 0. Suppose -16 = -4*g, -4*t = -0*t + 4*g - x. What is the units digit of t?
1
Suppose 18 = 9*t - 0*t. Suppose 2*p = t + 2. Suppose -106 + 10 = -p*x. What is the units digit of x?
8
Let r = -10698 - -17078. What is the tens digit of r?
8
Let y(q) = 3*q + 71. Let x be y(-22). Suppose x*g = a + 7246, -a + 2041 - 587 = g. What is the tens digit of g?
5
What is the tens digit of (-2)/4*((-308)/(-84) - 32649/9)?
1
Suppose 0 = -0*l + 2*l - 2246. Suppose 0 = 5*c + 3*j - l, 5*c - 4*j = -5*j + 1121. Suppose 7*z + c = 11*z. What is the tens digit of z?
5
Let p be (-43 - 320)*(-2)/6. Suppose 3*g = -4*m + 2031, 3*m + p + 1233 = 2*g. What is the tens digit of g?
7
Suppose 2706 = 5*p + 170*f - 169*f, 4 = -f. What is the units digit of p?
2
Suppose 3*k + 14*r - 11*r = 6876, 0 = 5*r + 20. Let s = k - 1588. What is the units digit of s?
8
Let h(f) = -2*f**2 - 5*f + 12. Let j be h(-5). Let u = j + 30. What is the units digit of 8/(-16) + u/2?
8
Let g = 170 - 174. What is the hundreds digit of (44/12)/(g/(-216))?
1
Let f = -243 - -651. Let d = 751 - f. What is the units digit of d?
3
Suppose 197*h = -373*h + 149*h + 15177892. What is the tens digit of h?
5
Let y(n) = -n**2 + 12*n + 23. Let t be y(-2). What is the hundreds digit of (3/t)/((-35)/7350)?
1
Let j = -5 - -86. Suppose -8*w + j + 583 = 0. What is the units digit of w?
3
Suppose 0 = 11*v + 8 - 74. Suppose 0*f + v*f = 0. What is the units digit of ((-2)/(2/93))/(f + -1)?
3
What is the hundreds digit of (-7*10 - 3)/((-4398)/(-489) - 9)?
8
Suppose 3*r + 15 = 3*c, 5*c + 6 = 16. Let q(n) = 145*n**3 - 5*n**2 - 3*n - 3. Let y be q(r). What is the units digit of y/(-42) + 2/(-14)?
4
What is the units digit of 38644/7 - 60/(-35)*1/(-3)?
0
Suppose -10 = -6*y + 8. Suppose -2*s + 0*s = -2*z - 1196, y*s + z = 1802. Suppose 3*i = -i + s. What is the units digit of i?
0
Suppose -28*a + 265756 + 14104 = 0. What is the tens digit of a?
9
Suppose 3*a + 17058 = 2*m, -65*a = -4*m - 69*a + 34096. What is the tens digit of m?
2
Let d = 36 + -33. Suppose d*h - 241 = 2891. Suppose -6*w = 3*w - h. What is the hundreds digit of w?
1
Let a(v) = 90*v**2 + 360*v + 3291. What is the units digit of a(-9)?
1
Let q(z) = 1698*z**2 + 454*z + 6. What is the thousands digit of q(-5)?
0
Let s = 8 + -12. Suppose 6*o - 3*o = -2*b + 245, 2 = -b. What is the tens digit of o - (-4)/s - -2?
8
Let k(p) = 7694*p**2 + 81*p + 2. What is the units digit of k(2)?
0
Let x = -3552 - -2082. What is the hundreds digit of (6/(-7))/(5/x)?
2
Suppose -92 = -15*c - 8*c. Suppose c*d - 2673 - 1007 = 0. What is the tens digit of d?
2
What is the units digit of 0 + 4922 - 0/(-1*(-1)/(-1))?
2
Let x(a) = -3*a**3 - a**2 - 4*a - 1. Suppose 3*g + 37 - 31 = 0. Let u be x(g). Let r(z) = 4*z + 67. What is the tens digit of r(u)?
7
Suppose b + 2*v - 12 = -v, 5*v - 41 = -4*b. Let u(n) = n**3 - 10*n**2 + 2*n - 10. Let l be u(b). Let g = l + 177. What is the tens digit of g?
0
Suppose 126 = -5*a - 59. Let s(w) = -w**2 + w + 70. Let v be s(14). Let q = a - v. What is the units digit of q?
5
Suppose -f - 584 = 3*b - 27098, 0 = 5*b + 5*f - 44200. What is the hundreds digit of b?
8
Let x(o) = 6*o - 5. Let j be ((-5)/(-4 - 11))/((-1)/(-21)). Let d be x(j). Let s = d + -17. What is the units digit of s?
0
Let o(l) = -4*l + 343. Let v be (-1)/(5/(-110)*(-5 - -3)). What is the hundreds digit of o(v)?
3
Suppose -4*l + 14004 = 3*y - 10220, 6045 = l - 2*y. What is the thousands digit of l?
6
Suppose l + 2*l = l. Suppose -28 = 3*k + 2*u, 26 = -l*k - 3*k - u. What is the tens digit of k/(-20) + (-44)/(-40)*76?
8
What is the tens digit of (-6)/54 - 14578665/(-621)?
7
Let v(d) = 546*d**3 - 5*d**2 - 81*d + 221. What is the ten thousands digit of v(3)?
1
Suppose 8504*m = 8512*m - 223816. What is the ten thousands digit of m?
2
Let h be 10 - (-117)/(-65)*-5. Suppose 5*b = -2*k - 11, k - 2*k + 5*b = 28. Let a = k + h. What is the units digit of a?
6
Let j = 10661 + 673. What is the tens digit of j?
3
What is the hundreds digit of 6/(((-988)/(-77919))/26)?
3
Suppose 163 = 2*k - 1473. Suppose 6*c - k = 184. What is the hundreds digit of c?
1
What is the thousands digit of ((-78222)/24)/(-12 + 47/4)?
3
Let g(f) = f**3 - 4*f**2 - 5*f. Let l be g(5). Suppose -10*a + 144 = 2*c - 6*a, l = -4*c - 5*a + 276. What is the tens digit of c?
6
Let d(s) = -3*s**3 + 2*s**2 + 5*s - 10. Let z be d(4). What is the units digit of 605/2*(-120)/z?
2
Let m(z) = -z**3 - 474*z + 39 + 474*z - 6*z**2. What is the hundreds digit of m(-9)?
2
Let r = -2 - -143.